- (-33 - (10 - 27))?
38
Evaluate (22 - -15) + -25 + (16 - 2) + 21.
47
What is 52 + (-255 - 79) + 162?
-120
What is 39 + -18 + -4 + -35 - -8?
-10
Evaluate -59 + 50 + 3 + 11 + (-28 - -2).
-21
(-1 - (-117 - 2) - 0) + (1510 - 1523)
105
What is the value of (14 - 107) + -14 + 59?
-48
Evaluate -2 - -21 - (-6 + 23 + -22).
24
-2 - 7 - (32 - (29 - -46) - -26)
8
Calculate -1464 + 1444 - (-59 + -3 + -4).
46
What is the value of 1153 + -1134 - (11 - 10)?
18
What is the value of 0 + 8 - (-313 - -331 - (-7 + 2))?
-15
Evaluate 3 - (24 + -1 - (-319 - -301)).
-38
Evaluate -421 - -407 - ((-10 - -9) + -7).
-6
16 + (14 - (-13 + 28)) + -20 - -20
15
Evaluate 44 + (-8 + (-1 - (-14 - 5)) - -4).
58
(-305 - -382) + (-3 - 4 - (-7 + 19))
58
Evaluate 3 + 40 + -3 + 25 + -24.
41
What is 13 + -26 + (-10 - -1 - -20) + 1?
-1
What is the value of (17 - (-33 - -47) - (-44 + 2)) + 14?
59
Evaluate (66 - 2) + -689 + 633 - (38 + -2 + 0).
-28
What is the value of -10 - (0 + 1) - (14 - -7 - -40 - -41)?
-113
Calculate -1 - 11 - -2 - (59 + (31 - 90)).
-10
What is (-5 - -42) + -79 + 122?
80
What is the value of 19 + -34 + 61 + -25 - -39?
60
What is 88 + (52 - (-59 - -99))?
100
What is (-25 - -15 - 7 - 4) + 61 + 16?
56
What is (207 + -218 - (-32 - -4)) + 13?
30
-125 + 137 - (-19 + -6 + (0 - 3))
40
Calculate 26 - (13 + 7 - 6) - 46.
-34
What is the value of (4 + -15 + 4 - 9) + 43?
27
(16607 - 16617) + (-1 - 4)
-15
What is 76 + (2 + -56 - 11)?
11
Calculate (4 - (17 + -32 + 34)) + -39.
-54
What is the value of (1 - 89) + 138 + 3 + 1 + 7?
61
Calculate 392 + -606 + (113 - -1).
-100
What is the value of -32 - (-71 - (-21 + 70))?
88
(0 + 0 - 65) + (-225 - -249 - (20 - 0))
-61
What is (7 - -23) + -14 - 27 - (-138 + 3 + -6)?
130
What is the value of 50 + (-101 + 90 - (3 - 2)) + -1 + 17?
54
Calculate 0 - -213 - (5260 - 5173).
126
What is the value of (0 - (42 + 4)) + (-5165 - -5196)?
-15
What is the value of -61 + -6 + 2 - (22 + -38 - -17)?
-66
What is the value of 49 - (8 - (-10 + 3 - -7 - 12))?
29
What is the value of -2 - 5 - (-17 + 1 + -7)?
16
Evaluate (16 + -4 + -19 + -7 + 9 - 3) + 4.
-4
What is the value of -4539 + 4535 - (2 - -103)?
-109
(-9 - -27) + 16 - (121 + -112)
25
Evaluate -437 + 533 + (-4 - 50).
42
Calculate (56 + (-91 - -142) - 94) + (1 + -115 - -1).
-100
Evaluate -13 + (0 - (-10 - 23 - -13)) + 14.
21
Calculate 4025 + -4043 - (-4 + 19).
-33
5 - (-31 + (24 - 0) + (0 - -19))
-7
37 + 45 - (292 - 110)
-100
What is the value of -94 + (-57 + 51 - (-5 + 0)) - (3 - -3)?
-101
What is -10 + -29 + 102 + 11 + 13?
87
What is the value of -38 + 17 + 48 + -27?
0
Evaluate 13 + 1 + (33 - (-19 + 52)).
14
What is 21 + (52 - (59 - -57))?
-43
Evaluate -104 + 109 + -85 - -21.
-59
What is (-40 - 21) + (-3 - (7 - (-1 - -5)) - -10)?
-57
Calculate 0 + 0 + -12 - (29 - (-74 + 52 - 22)).
-85
What is 15 - (-27 + 37 - 19 - 13)?
37
Evaluate 124 + (-33 - 194) + 142.
39
What is -52 + -5 + (-8 - (-32 + -2))?
-31
Calculate 10 + 4 + 20 + -47.
-13
What is (-2534 - -2638) + (1 + -5 - -5)?
105
Evaluate (-12 - -3 - 30 - -72) + 47.
80
Calculate (-11 - (0 - -3 - (19 - (96 + -32)))) + 8.
-51
What is the value of -65 + -41 + 99 + 16 - (-22 + 2)?
29
What is -2 + 1 + 13 + 15 + 193 + -211?
9
Calculate (126 - 56 - 67) + -1 + 0 - 12.
-10
Calculate -7 - 109 - (-24 - (-63 - -16)).
-139
Calculate -15 - 0 - ((9 + -15 - 13) + 0).
4
What is 18 + -4 + 3 - (-1 + (-43 - -52))?
9
Evaluate -2 + (32 - 62) + (-29 - -2).
-59
Calculate (-12 - -44) + (2 - 7) + 0 + -14.
13
Evaluate 15 - ((-19 + 7 - 2) + 13).
16
Evaluate (92 - -64 - 143) + 4 + 1 + -2.
16
(18 - 4) + (19 + -24 + 6 - -37)
52
Evaluate 113 + (-108 - (26 + -142)).
121
What is the value of (-2 - -4 - -9) + 23 + 13 + -25?
22
What is 4 - (2 - (-7 - -4)) - (18 - (11 + 7))?
-1
-2 - (-1 + -2 + (102 - (12 - (-4 + 19))))
-104
What is (24 - (50 + -82)) + -7 + -2?
47
What is the value of -20 + (-30 - -11) + 116 + 19 + -4?
92
Evaluate 104 - (-32 + 13 - (-12 - (11 - -2))).
98
Calculate 7 - (1 - -2 - (7 + 32 + -18)).
25
Calculate (1 - ((21 - 17) + 19 + -28)) + -28 + 0.
-22
What is the value of -6 + (7 - -23) - (-29 - (21 + -37))?
37
Evaluate -46 - -10 - (0 - (1 + 1) - -4).
-38
Evaluate 1 + -62 + (34 + -1 - 12) + -16 + -12.
-68
Calculate 358 + -386 + (34 - 0).
6
What is -1 + (-13 - 0) - (-4655 + 4592)?
49
What is the value of -26 + 2 - (-151 - -123) - (0 - (0 + 3))?
7
Evaluate -18 + 2 + 28 + -5 + 16 + (-9 - 0).
14
51 + (91 - 102 - (0 + 6))
34
96 + -3 + (54 + 38 - 103)
82
Evaluate (126 - 170) + (-6 - -39).
-11
What is 9 + -1 + -52 + 42 + 13 + (0 - -6)?
17
What is 30 + -21 + 18 - (-13 + 19 + 2)?
19
(3 - 1 - (-6 + 0)) + -610 + 602
0
Evaluate 92 - (-1 + (113 - 42)).
22
(-6 - 5) + (3 - (-11 + -29 - (12 + -6)))
38
What is the value of 20 - 0 - (-37 + 12 + 78)?
-33
What is (96 - 65) + -2 - -21?
50
-11 + 9 + (-9 - -9 - -8) - (3 + 3)
0
What is -4 + 18 - (16 - -22 - 39) - -3?
18
9 + 40 + -83 + 30
-4
What is -44 + (-8 - -14) + -4 + 8?
-34
Calculate 182 + -100 + (-17 - 21) - -12.
56
Calculate -5 - (-18 - -5) - (7 - -13).
-12
Calculate (16 - 20) + 9 + -3 + (1 - -65).
68
Calculate 611 - 631 - (-1 + -40 + 3).
18
Calculate (-8 - 2) + (-106 - (-48 + 36 - -24)).
-128
What is the value of 0 - (10 + -1) - (1587 - 1599) - -22?
25
Calculate -3 + 21 + 103 + -153.
-32
What is the value of (45 - 59 - 73) + 75?
-12
What is the value of (-1 - -1) + 0 + -174 + 212 + (1 - 36)?
3
What is the value of 66 + 1 + (-3120 - -3083)?
30
(59 - -10 - 58 - 9) + (-1 - (1 - 3))
3
Evaluate -92 - (-51 + 21) - -25.
-37
Calculate (-9 - -2) + 0 + (12 - 20 - -57 - -2).
44
Evaluate -7 + 13 + 1 + (-66 - ((1 - -1) + -2)).
-59
(-1167 - -1264) + 3 + -21
79
What is the value of 5 + -24 + 12 + -45 + 7?
-45
Calculate -76 + 285 - 207 - (-1 + -39).
42
Calculate -93 - ((-103 - -30) + 30).
-50
67 - ((-28 - -39) + -50)
106
What is the value of (33 - 10 - 23) + -40 + -3?
-43
What is (-1 - (-22 + -36)) + (1 - -4) + 10?
72
Calculate 0 + -2 + -3 - (-80 - (-55 + 20)).
40
What is 174 - 170 - ((21 - (-2 + -4 - 0)) + 3)?
-26
9 + -5 + 18 + (2 + -3 - -8)
29
327 - 79 - (135 + -7)
120
Calculate 6 + -9 + (-1 - 3) + 0 - (-54 - 7).
54
What is -45 + (44 + 14 - 4)?
9
0 + -3 + -12 + 7 + (-24 - -66)
34
What is -4 + 3 + 72 + 906 + -926?
51
Evaluate 111 + -149 - (28 - 7).
-59
(-64 + 1 - -40) + -7
-30
-96 - (-16 - -12) - -59
-33
What is (4 - (-4 - (-2 + 5))) + 160 + -225?
-54
78 - (58 - (15 + -47))
-12
(9 + 2 + 15 + -76 + 64 - 13) + 54
55
What is -9 + 11 + -7 + (-11 - -29)?
13
Calculate 26 + -50 + -11 + 47.
12
Evaluate -983 + 982 + 92 + -4.
87
What is the value of 31 + -52 + (-4 - -48) + -71?
-48
Evaluate 1803 + -1801 + 1 + 3 + -1 + 32.
37
Evaluate 24 - -11 - 18 - (-3 - (7 - 4 - 14)).
9
What is -1 + (-4 + -8 - -3) + (24 - (-25 - -38))?
1
(-29 - (-53 - -5)) + -23
-4
(-3 + 7 - ((-3 - -1) + 0)) + (-229661 - -229527)
-128
(498 - 492) + -2 + -4 + 3 + -42
-39
What is (60 - (-34 + (49 - 57))) + -40?
62
Evaluate (-195 - -200 - (-68 + -1)) + (-10 + -2 - -1).
63
Evaluate -1 + -16 + (108 - 68) - (8 + -2).
17
Calculate 37 - (69 + -62 + -13).
43
What is the value of 193 + -198 + (-5 - (-3 + (4 - 57))) + -2?
44
Evaluate -22 + 1 + ((15 - 47) + -38 - -54).
-37
Evaluate (-104 - ((-55 - -41) + -12)) + -19.
-97
What is the value of -70 + -2 + 82 - (42 - 2)?
-30
Evaluate (30 - 7) + -150 + -20 + 19.
-128
Calculate -1 - (2 + 6 + -42) - (56 + -42).
19
(-2758 - -2771) + 1 + -18 + 0
-4
Evaluate -6 + -1 + 28 + -149 + 84.
-44
What is 11 - (-74 + -14) - (-8 + 0 + -68 + 64)?
111
(43 - (-4 + 57)) + 19
9
What is the value of 54 - 131 - (8 - 57)?
-28
Evaluate 150 + -124 + 27 - 91.
-38
Calculate 21 + (5 - 17) - (6 + -5 + 6 - 27).
29
Evaluate 1 + (52 - (-1 + -1)) - (402 + (265 - 668)).
56
Evaluate 17 + (-5 - (-4 - -4)) - (18 + 14).
-20
0 + 20 - (-5685 + 5704)
1
What is the value of 74 + -157 + 95 + -72?
-60
-23 + -1 - (-22 - ((-35 - (-34 - -26)) + 7))
-22
What is (4 - 7 - 4) + 9 + 0 + -6 + 41?
37
Evaluate 21 - (-28 - -10 - (-32 - -3)).
10
Evaluate (-54 - -1 - -1 - (-2 + 2)) + -8968 + 8969.
-51
(5 - -60) + 6 - 185
-114
Calculate -24 - -41 - 14 - -27 - (2 - (3 - 3)).
28
443 - 436 - (2 - (-2 + 2 + -107)) - -6
-96
-153 + 114 + (72 - 2)
31
What is the value of 11 - -6 - (-187 + 237)?
-33
Calculate (-38 - (38 - (8 - -5))) + 13.
-50
-64 + -13 + (71 - 12) + -21
-39
Calculate (21 - (-87 - -140)) + (0 - -57).
25
What is -8 